1 + -24 + 29 - (16 - -4) - -56?
40
Evaluate (-8 - -6) + 68 + -44 + 12.
34
Evaluate (-87 + -19 - -62) + -2.
-46
What is the value of (0 - 0) + -21 + -109 + 116 + -13?
-27
What is the value of (2 - 12) + (13 - -5) + -72 - -9?
-55
Evaluate 117 + (50 - (208 + -91)).
50
What is the value of (-8 - (0 + -5 + 0)) + (151 - 126) - 11?
11
What is the value of (14 - 0) + (66 - ((26 - 11) + 11))?
54
Calculate (0 - 0) + 17 + (-73 - -88).
32
What is (-15720 - -15729) + (1 - 0 - 41)?
-31
What is (44 - 54 - 89) + 22?
-77
Calculate -82 + -7 - (3 + -7 + (-53 - -56)).
-88
Evaluate ((-9 - 2 - -11) + -7 - -1) + -22.
-28
Evaluate 33 + (20 - (31 + 4 - 42)).
60
(24 - 2 - 24) + -11 + 106
93
Calculate -96 + 29 + (20 - 52) + 27.
-72
What is (-1 + 1 - -10) + (-2 + 51 - 78)?
-19
Calculate (3861 - 4051) + -3 + 82.
-111
Evaluate 3 - -14 - (-330 - -375).
-28
What is 7 - (-14 - (0 + -8 + -7) - -20)?
-14
What is 3 + 43 - 52 - (-3 + 56 + -5)?
-54
What is the value of (464 - 454) + -8 + -3 - 23?
-24
-4 + (-8 + -10 - -11) + -6
-17
36 + -1 - (-1 - (42 - 43))
35
What is -26 - (-42 + (18 - 22) + 25)?
-5
Calculate -6 + (10 - -2) + (-2 - 6) + -35.
-37
What is the value of (-17 - (12 - 21)) + 43 + (4 - -2)?
41
141 + 0 + (-9 - (1 + -21) - 23) - 12
117
(21 - (8 + 6)) + -48 + 9 + -1
-33
25 + -51 + 11 + 18 + (2 - -94) - 4
95
((-17 - 9) + 17 - (-11 - -5)) + 20
17
Calculate -17 + 3 + -3 + 501 + -443.
41
What is the value of (2 - (38 + (12 - 31))) + 85 - (-4 - 0)?
72
Evaluate (1 - -5) + (643 - 661 - (7 - 5)).
-14
What is -8 + (-12 - -18) + (6 - (43 - 11))?
-28
-6 + 0 + (0 + -1 - -2) + (82 - 89)
-12
What is 8 + 41 + -10 + 32 + -8?
63
What is the value of 1 + 0 - (-379 + 393) - -7?
-6
What is -18 + 68 + -48 - 26?
-24
What is -4 + (-6 - (-8 - -6)) + (8 - 1) + 3?
2
Calculate (-7 - 5) + -7 - -25 - (-13 - 3).
22
6 - -11 - 2 - (50 + -60 - 48)
73
(-44 - -17) + 121 + -45
49
What is (6 - 62 - -65) + (-3 + 0 - 1)?
5
33 + (-19 - (-57 - -55))
16
Calculate 14 + -26 + 24 + -19 - -78.
71
What is the value of -2 + -14 - (-63 + 25 + 0 - -3)?
19
(126 - 147) + 14 + -1 - -12 - (86 + -6)
-76
Evaluate (4 - 36) + (5 - -14 - 14).
-27
Evaluate (26 - -1) + -14 + 66 + -32 + -1.
46
Evaluate 73 + -103 + (4 + -7 - -25).
-8
Calculate 4 + 43 + (-6 + 15 - -14 - 11) - 7.
52
2 - 13 - 6 - -6 - -3 - 44
-52
Evaluate -5 - (51 + (-41 - 73)).
58
What is (18 + -48 - (-150 + 42)) + (-23 - 0)?
55
(3 + 1 + 12 - (-77 - -74)) + -130
-111
Calculate 30 + -27 + (4 - -1) + (1088 - 1140).
-44
1490 + -1511 - (0 + -70)
49
What is (3 - (-21 + (18 - (-2 - -8)))) + (0 - 0)?
12
What is 0 - -19 - (70 - (36 + 18)) - -66?
69
(-92 - 251) + 457 + (-49 - 0)
65
Evaluate -59 - -68 - 48 - -40.
1
-81 + -24 + 1 + (-11 - (-2 + -4) - -5)
-104
What is the value of (4 + 8 - 14) + -11 + (-30 - 17)?
-60
What is 52 + (8 - 21 - 7)?
32
What is 76 - (8 - (0 - (7 - -14) - -30))?
77
Calculate -53 + (17 + -4 - (219 + -197)).
-62
What is 66 - (1 - 12 - ((3 - (-1 - -7)) + -10))?
64
What is 1 + (-41 - (21 - (51 + 1))) + -2 + -32?
-43
-32 - ((-15 - -1) + 6 + 3) - 12
-39
Evaluate (8 - (-6 - -5)) + 9 - (-65 + -1).
84
Calculate -103 - -75 - ((5 - 0) + 1 + -6).
-28
Evaluate 1 + 71 + -104 - 31.
-63
(-44 - -17) + -7 + 18
-16
-1 + 62 + -97 + 81 + 7
52
-2 + 6 + -2 + -1 - 10 - (24093 + -24156)
54
What is (-17 - -4) + -29 + 3 + (-3 - -6)?
-36
What is the value of (15 - (35 - -22)) + 5?
-37
Evaluate (-3 - 10) + 60 + (111 - 230).
-72
Calculate -37 + 73 + 45 - (-18 + 1).
98
241 - 3 - (5481 - 5323)
80
What is the value of -32 + (-7 - -20) - (-15 - 70)?
66
What is the value of 0 - 12 - (-47 + 51 - 23) - (7 + -59)?
59
What is the value of 7 + (-6 - -1) + -14 + -1 - 8?
-21
Calculate 0 - 105 - (-1296 + 1200).
-9
What is 272 + -284 + (0 - 58) + 4 + -3?
-69
20700 + -20552 + 1 + -158
-9
-15 - (-2 + -20 + (-118 - -134) + -5)
-4
Calculate 18 - (7 - (-24 + -11)).
-24
Calculate 63 + -6 - (-335 - -371).
21
Calculate (-10 - -25) + -29 - (-6 + 23).
-31
Evaluate 11 - 20 - (-87 + 15 + -7 + 4 + 12).
54
Evaluate -3 - (935 + -912 - (-1 + 37)).
10
What is -45 - (37 - 53 - (0 - (1 - -4)))?
-34
Calculate 13 - -2 - -1 - (-846 - -859) - 5.
-2
What is the value of (-114 - -39) + 20 - (8 - (0 + 18))?
-45
What is -17 + 64 + -47 + -2?
-2
What is the value of 155 + -49 + -84 + -64?
-42
What is -5 + (2 + -35 - (115 - 150))?
-3
Calculate -160 + 74 - (4 - (9 - -1)).
-80
Calculate 53 + -51 + (58 - 16).
44
Evaluate -15 - ((7 - -14) + (2 - 54)).
16
What is the value of -13 + (1 - -2) + -39 + 47 - (-1 + -61)?
60
What is the value of -145 + 163 + 12 + -4 + 45?
71
Calculate (-267 + 98 - -72) + 20.
-77
Calculate 9 - (14 + -33 + 10) - 46.
-28
-13 - ((11 + 4 - 13) + 5 + -8)
-12
Evaluate (-95 - (66 - 93)) + (-8 - 1 - 0).
-77
What is the value of -2 + (5 - (-5 + 12 - (3 + 2)))?
1
(-5 + 4 - 0) + -11 - (-209 - -280)
-83
What is -142 + (277 - (44 - -3))?
88
Calculate -29 + 35 + (-4 - 2) - (-4 - (-5 + 11)).
10
What is the value of (-6 - 26 - -82) + -14?
36
Evaluate -25 - (12 - 13) - (-23 - -9 - 1).
-9
-12 + ((4 - 8) + 11 + -4 - -2)
-7
Evaluate 15 + (10 + -22 - -23 - 49) - -130.
107
Evaluate -3 - (-15 + 0 - (-10 + (-110 + 26 - -20))).
-62
Evaluate -6 + 27 - (-12 - (20 - 10)).
43
-2927 - -2973 - (-34 - 1) - (-2 + 2 + 12)
69
-3 - (-23 + (3 + 2 - 10))
25
Calculate 23 + -26 + -4 + 13 + (-4 - 3) + -74.
-75
What is the value of 12 - (31 + -14 + 6) - -86?
75
What is (-2 - (19 - 21)) + (-9 - 14 - 6)?
-29
Calculate -25 - (-1 + -18 + -4 - -17).
-19
(58 + -18 - 77) + 45
8
Evaluate -24 - (-166 - (-36 - -37) - -12).
131
71 + (38 - (12 - 1)) + -47
51
What is the value of -20 - ((4 - (-2 + 0)) + -184 + (80 - -96))?
-18
What is the value of 33 - 2 - 23 - (-18 + 1)?
25
What is (-2 - 9) + 2 + (-30 - (10 - 8))?
-41
Evaluate (-9 - 4) + ((42 - 30) + -21 - (-168 - -1)).
145
What is -359 + 342 - (18 - 2)?
-33
Evaluate -2 - -72 - (522 + -501).
49
What is the value of (21 - 37 - 35) + 38?
-13
What is the value of (-44 - -94 - -68) + -64?
54
Calculate -15 - (-11 - (-5 + -3 - 11) - 16).
-7
17 + (-12 + 11 - 23) + 18 + 20
31
What is the value of -16 - (27 + 0 + -2895 + 2890)?
-38
What is the value of 28 + (-25 - (-15 - 13)) - 76?
-45
Evaluate (-4 - (-3 + 6 + -7 - (-28 + 5))) + -3.
-26
(12 + -11 + -60 - 11) + -5 + 7
-68
What is -18 + 26 + (-32 - -59)?
35
What is the value of -7 + 52 + -52 - -3?
-4
Evaluate 23 - (-7 + 22 + -14) - -17.
39
(-668 - -762) + (3 - -1) + -22
76
What is (-63 - -25) + (34 - 24) + -24?
-52
Evaluate -43 + (25 - (-5 - -9)).
-22
(76 - 36 - (-1 - -37)) + (-38 - 4)
-38
What is the value of 44 + -47 + 17 - (0 - 34)?
48
Evaluate 12 + (-4 - 6) + (103 - 114).
-9
What is -1 + 11 - 2 - (-14 + -34 - -71)?
-15
What is the value of (0 - (-18 - -17) - -8) + -13?
-4
What is the value of (-12 + -4 - -8) + (-4 - (-5 - 21) - 1)?
13
Calculate 9 + (15 + 0 - 68 - 8).
-52
What is the value of (-45 - 2) + (-79 - -220 - 188)?
-94
What is the value of (-11 - ((8 - 12) + -3 + -142)) + 54 + -66?
126
41 - (42 - -32 - -8)
-41
Evaluate (3031 - 3039) + (1 + (-1 - 37) - 1).
-46
Evaluate (-103 - -342) + -279 - (8 + (-1 - -2)).
-49
What is -2 + -8 + (13 - (-4 - -18)) + 5 + 28?
22
What is the value of -6 - (-26 + 10) - (-1 + -31)?
42
What is 7 + 3 + (8 + -17 - (-6 - -6 - -9))?
-8
What is (-1 - (0 + -29) - (33 + -31)) + 0?
26
What is (6 - 7) + ((30 - -2) + 3 - 3) + -1?
30
What is -4 + (13 - (-6 + -6)) + -5?
16
What is -47 - 0 - (11681 - 11825)?
97
What is the value of -25 + 120 + -81 + 6 + -4 + -129 + -1?
-114
What is (-3 - 5) + 5 - (19 + (25 - 20))?
-27
Evaluate 1 + 1 - (-2 + -3 + (-2 - 10) + -41).
60
Evaluate 9 + (-46 - -32) - 59.
-64
Evaluate -65 + (-79 - 57 - -77).
-124
What is the value of -111 - -46 - (-13 + 22 + -32)?
-42
Evaluate (-8 - -8 - 38) + (-132 - -147).
-23
What is ((0 - 9) + 6 - 4) + 56 - -7 - 3?
53
Evaluate -21 - -136 - (343 + -208).
-20
What is the value of (17 + 36 - -19) + -12 - 17?
43
Calculate (5 + -2 + 0 - (-29 - (2 - 41))) + 56.
49
Evaluate 2 - 3 - -55 - (866 + -846).
34
What is the value of 15 + -18 - (-16 + 6 + -2) - 29?
-20
5 + -14 + 90 + -33 + -26
22
(97 - -18) + -134 + (-2 - 1)
-22
What is the value of 2 + -62 + (-28 - 38) + 42 + -7?
-91
21 + (-11 - -4) - (4 - 21 - -10)
21
What is (-43 + 11 + 41 - (0 + 8)) + 8?
9
Evaluate 26 - -1 - (-8 - (27 + -10) - (-19 + 3)).
36
-2 + 6 - ((-4 - -2) + 1)
5
What is the value of 50 - 29 - (12 - -39)?
-30
What is (2